ue
Is 446345963 a prime number?
False
Is 1413985 a prime number?
False
Is 170510827 a composite number?
False
Is 218301815 composite?
True
Is 70010887 prime?
True
Is 444929 a composite number?
False
Is 63021649 a composite number?
False
Is 3259037 a prime number?
True
Is 93958649 a prime number?
True
Is 793181 a composite number?
False
Is 25169543 prime?
False
Is 4288021 composite?
False
Is 207433 a composite number?
False
Is 632079193 prime?
False
Is 29064907 a prime number?
True
Is 1459651 a composite number?
False
Is 8680019 composite?
True
Is 5492771 a prime number?
True
Is 415282079 composite?
False
Is 6059321 composite?
False
Is 1775747 composite?
False
Is 42369883 prime?
True
Is 12437171 a prime number?
True
Is 853319 composite?
False
Is 1073743 a prime number?
False
Is 92019751 prime?
True
Is 232787 prime?
False
Is 105902782 a prime number?
False
Is 6455431 a composite number?
False
Is 2324803 prime?
False
Is 49480901 prime?
True
Is 6611699 a prime number?
True
Is 10632173 a prime number?
True
Is 295272379 composite?
False
Is 6766307 prime?
False
Is 10224829 composite?
False
Is 1038117 a prime number?
False
Is 62900707 a composite number?
False
Is 37423871 a composite number?
False
Is 3989 prime?
True
Is 3231167 prime?
False
Is 23490611 composite?
False
Is 12157493 prime?
False
Is 329959869 composite?
True
Is 98433151 a prime number?
False
Is 339249139 a prime number?
True
Is 1100023 composite?
False
Is 11366371 a composite number?
False
Is 6697529 composite?
False
Is 13689227 a composite number?
False
Is 2899691 prime?
True
Is 29775883 composite?
False
Is 3428137 a composite number?
False
Is 18988913 a prime number?
False
Is 34544681 a prime number?
True
Is 31705169 a composite number?
True
Is 410068829 a prime number?
False
Is 48092669 composite?
False
Is 30230309 a prime number?
False
Is 756403 a prime number?
True
Is 9704363 composite?
False
Is 2949515 a composite number?
True
Is 685435 a composite number?
True
Is 15812033 a prime number?
False
Is 1506919 a composite number?
True
Is 1443257 composite?
False
Is 10830707 a composite number?
True
Is 5187838 a prime number?
False
Is 1391849 prime?
True
Is 65141 prime?
True
Is 9931897 composite?
False
Is 31521883 a composite number?
False
Is 147976013 composite?
True
Is 16618373 composite?
False
Is 314791 a prime number?
False
Is 3324421 a composite number?
False
Is 146201 prime?
False
Is 1829797 a prime number?
True
Is 6890789 prime?
True
Is 5337701 a composite number?
False
Is 4914841 composite?
False
Is 6173161 a prime number?
False
Is 404436637 a prime number?
False
Is 10357309 a composite number?
True
Is 5134103 a prime number?
False
Is 1290097 a prime number?
False
Is 11456233 a composite number?
True
Is 10956977 composite?
True
Is 351427721 a prime number?
False
Is 5349143 a prime number?
False
Is 136627301 prime?
True
Is 47544677 composite?
False
Is 247727 composite?
True
Is 520449 prime?
False
Is 28474507 a composite number?
True
Is 189850189 a prime number?
True
Is 56231821 a prime number?
True
Is 2746117 composite?
True
Is 7193281 a prime number?
False
Is 48632165 prime?
False
Is 49468483 prime?
True
Is 10004849 prime?
False
Is 3178997 a composite number?
False
Is 61309 prime?
False
Is 28635259 a prime number?
False
Is 2911739 a composite number?
True
Is 129544127 prime?
False
Is 1802978 composite?
True
Is 111693259 a prime number?
True
Is 7706019 a composite number?
True
Is 26131537 composite?
False
Is 9148793 a prime number?
False
Is 20890457 a prime number?
False
Is 94648471 a composite number?
True
Is 518413495 a composite number?
True
Is 210505669 composite?
True
Is 7555783 composite?
False
Is 34168973 prime?
False
Is 161430911 a prime number?
True
Is 326961737 composite?
False
Is 1208341 a composite number?
False
Is 12615137 a prime number?
False
Is 13711717 a composite number?
False
Is 54918659 composite?
False
Is 7726379 a composite number?
False
Is 216377 a composite number?
True
Is 254569423 a prime number?
False
Is 262471477 a prime number?
True
Is 373619639 prime?
False
Is 385304771 a composite number?
False
Is 11537023 a prime number?
True
Is 34956859 a composite number?
True
Is 3029659 prime?
False
Is 5245831 composite?
False
Is 7391333 a composite number?
False
Is 2385469 composite?
True
Is 139328347 a composite number?
True
Is 125967007 a prime number?
True
Is 265999511 a composite number?
True
Is 271789409 a prime number?
True
Is 2679179089 a composite number?
False
Is 836183 prime?
True
Is 7835561 prime?
False
Is 14033927 prime?
True
Is 1757974 prime?
False
Is 102323623 a prime number?
False
Is 27733813 a prime number?
False
Is 2029949 a composite number?
True
Is 68231437 composite?
False
Is 192917911 a prime number?
True
Is 12163231 a prime number?
True
Is 1913443 a prime number?
False
Is 105197359 a prime number?
True
Is 14327659 a composite number?
False
Is 191413 a prime number?
True
Is 387104813 a composite number?
False
Is 142935893 prime?
False
Is 8425561 a prime number?
False
Is 4599031 prime?
False
Is 803587 a composite number?
False
Is 62228219 composite?
True
Is 41922829 composite?
True
Is 1061813 composite?
True
Is 465132209 a composite number?
False
Is 386666183 prime?
True
Is 12976877 a composite number?
False
Is 5581603 a composite number?
False
Is 65085613 composite?
False
Is 16697335 a composite number?
True
Is 2252821 composite?
False
Is 132068621 a prime number?
False
Is 3034481 prime?
False
Is 269799919 prime?
False
Is 209912897 a composite number?
False
Is 415489247 composite?
False
Is 35051047 prime?
False
Is 446156459 prime?
False
Is 156090587 a composite number?
False
Is 6067733 prime?
False
Is 253252319 a composite number?
False
Is 128502761 composite?
False
Is 437977 a prime number?
True
Is 2541507577 prime?
False
Is 1706687 a composite number?
False
Is 8337451 prime?
True
Is 19087283 a composite number?
True
Is 372027251 composite?
False
Is 38405239 a prime number?
False
Is 438377 a prime number?
True
Is 1432237 composite?
True
Is 26044643 prime?
True
Is 6572447 a composite number?
True
Is 107964979 a composite number?
True
Is 5188411 a prime number?
True
Is 8450671 prime?
False
Is 40397887 composite?
False
Is 3300767 composite?
False
Is 341604353 a prime number?
True
Is 59249353 composite?
True
Is 9824819 a composite number?
False
Is 333421073 composite?
False
Is 22004789 a composite number?
True
Is 1602953 prime?
False
Is 140641409 prime?
False
Is 29513417 a prime number?
True
Is 24871699 a composite number?
True
Is 101193245 composite?
True
Is 248743 prime?
False
Is 10438823 a prime number?
False
Is 1756609 prime?
False
Is 58043671 a prime number?
False
Is 33713411 a composite number?
False
Is 35140177 prime?
False
Is 1117889 composite?
False
Is 34793 a composite number?
True
Is 32785547 composite?
True
Is 68429045 prime?
False
Is 67770907 a prime number?
True
Is 69974923 a composite number?
False
Is 39949901 composite?
False
Is 199227331 a prime number?
False
Is 2843669 a composite number?
True
Is 531769 a prime number?
False
Is 1326667 composite?
True
Is 267478543 a composite number?
False
Is 14600563 a prime number?
True
Is 98567831 a prime number?
False
Is 13564339 composite?
False
Is 9592351 a composite number?
True
Is 18976735 a prime number?
False
Is 43137335 prime?
False
Is 15727253 prime?
True
Is 23747187 a prime number?
False
Is 5928811 prime?
False
Is 249531587 composite?
False
Is 84964577 prime?
False
Is 8629031 composite?
True
Is 114033 a prime number?
False
Is 47465833 a composite number?
True
Is 10507571 prime?
False
Is 736753 composite?
True
Is 5574941 a composite number?
True
Is 6839999 prime?
False
Is 5889097 composite?
False
Is 5405474 prime?
False
Is 2424607 a prime number?
False
Is 12085163 a composite number?
False
Is 2407159 prime?
True
Is 19685019 composite?
True
Is 65341994 composite?
True
Is 39626753 prime?
False
Is 8365613 a prime number?
True
Is 3779369 prime?
False
Is 13421703 composite?
True
Is 3134323 prime?
False
Is 16487 prime?
True
Is 5103361 a prime number?
False
Is 932390609 a composite number?
False
Is 185371423 a composite number?
False
Is 23275621 a prime number?
False
Is 31475131 a prime number?
True
Is 6882991 composite?
False
Is 85504273 a prime number?
True
Is 11234291 composite?
F